
Calculate the remainder when 183630 is divided by 27.
3
What is the remainder when 284850 is divided by 17?
15
Calculate the remainder when 1392 is divided by 154.
6
What is the remainder when 7945 is divided by 37?
27
What is the remainder when 777 is divided by 47?
25
What is the remainder when 47322 is divided by 329?
275
Calculate the remainder when 7722 is divided by 1795.
542
What is the remainder when 68905 is divided by 134?
29
What is the remainder when 105706 is divided by 310?
306
Calculate the remainder when 6432 is divided by 3197.
38
Calculate the remainder when 206778 is divided by 192.
186
Calculate the remainder when 8550 is divided by 165.
135
What is the remainder when 456685 is divided by 1174?
1173
Calculate the remainder when 9810 is divided by 36.
18
What is the remainder when 1164447 is divided by 21?
18
Calculate the remainder when 550591 is divided by 91762.
19
Calculate the remainder when 7785119 is divided by 1986.
1985
What is the remainder when 10232 is divided by 110?
2
What is the remainder when 26763 is divided by 80?
43
Calculate the remainder when 7834846 is divided by 786.
784
What is the remainder when 1239846 is divided by 274?
270
Calculate the remainder when 413958 is divided by 395.
393
Calculate the remainder when 234014 is divided by 9000.
14
What is the remainder when 34554 is divided by 1577?
1437
What is the remainder when 1208 is divided by 4?
0
Calculate the remainder when 17472 is divided by 8735.
2
Calculate the remainder when 6957 is divided by 1116.
261
What is the remainder when 79098 is divided by 10?
8
What is the remainder when 1308 is divided by 411?
75
What is the remainder when 17336 is divided by 340?
336
Calculate the remainder when 5724 is divided by 18.
0
Calculate the remainder when 742 is divided by 378.
364
Calculate the remainder when 7645 is divided by 4.
1
What is the remainder when 32742 is divided by 62?
6
Calculate the remainder when 5505 is divided by 9.
6
What is the remainder when 7776 is divided by 1214?
492
What is the remainder when 54021 is divided by 535?
521
What is the remainder when 13213 is divided by 220?
13
What is the remainder when 33561 is divided by 11187?
0
What is the remainder when 510746 is divided by 1135?
1131
Calculate the remainder when 147 is divided by 110.
37
What is the remainder when 4885 is divided by 124?
49
Calculate the remainder when 262994 is divided by 100.
94
What is the remainder when 3490 is divided by 493?
39
What is the remainder when 125665 is divided by 18?
7
What is the remainder when 42006 is divided by 19?
16
What is the remainder when 159 is divided by 67?
25
What is the remainder when 261 is divided by 101?
59
Calculate the remainder when 7089 is divided by 36.
33
Calculate the remainder when 26715 is divided by 602.
227
Calculate the remainder when 12851 is divided by 12395.
456
Calculate the remainder when 55411 is divided by 630.
601
Calculate the remainder when 17765 is divided by 495.
440
Calculate the remainder when 2688 is divided by 10.
8
What is the remainder when 33654 is divided by 715?
49
Calculate the remainder when 5374 is divided by 48.
46
What is the remainder when 60968 is divided by 74?
66
Calculate the remainder when 3945 is divided by 28.
25
What is the remainder when 900 is divided by 22?
20
What is the remainder when 72198 is divided by 200?
198
What is the remainder when 10942 is divided by 1016?
782
Calculate the remainder when 4766 is divided by 159.
155
What is the remainder when 2387 is divided by 497?
399
What is the remainder when 1028 is divided by 437?
154
What is the remainder when 14147 is divided by 61?
56
What is the remainder when 22057 is divided by 18?
7
What is the remainder when 4177 is divided by 667?
175
What is the remainder when 623 is divided by 162?
137
What is the remainder when 21630 is divided by 136?
6
Calculate the remainder when 37070 is divided by 847.
649
What is the remainder when 508705 is divided by 18168?
1
What is the remainder when 232360 is divided by 386?
374
What is the remainder when 55165 is divided by 205?
20
Calculate the remainder when 2162 is divided by 1083.
1079
Calculate the remainder when 14317 is divided by 75.
67
Calculate the remainder when 1932 is divided by 961.
10
What is the remainder when 110395 is divided by 36714?
253
Calculate the remainder when 168378 is divided by 149.
8
What is the remainder when 23841 is divided by 246?
225
Calculate the remainder when 31547 is divided by 35.
12
Calculate the remainder when 603 is divided by 420.
183
What is the remainder when 97938 is divided by 9?
0
What is the remainder when 126654 is divided by 6031?
3
What is the remainder when 8551 is divided by 1944?
775
Calculate the remainder when 4102 is divided by 38.
36
Calculate the remainder when 642598 is divided by 108.
106
What is the remainder when 620838 is divided by 680?
678
What is the remainder when 608 is divided by 374?
234
Calculate the remainder when 1562462 is divided by 188.
182
What is the remainder when 711144 is divided by 313?
8
Calculate the remainder when 360599 is divided by 120198.
5
What is the remainder when 1907 is divided by 53?
52
What is the remainder when 141222 is divided by 487?
479
What is the remainder when 78524 is divided by 604?
4
Calculate the remainder when 16581 is divided by 17.
6
Calculate the remainder when 29695 is divided by 7382.
167
Calculate the remainder when 3324 is divided by 133.
132
Calculate the remainder when 13488 is divided by 287.
286
What is the remainder when 21448 is divided by 275?
273
What is the remainder when 3344495 is divided by 24?
23
Calculate the remainder when 62143 is divided by 31047.
49
Calculate the remainder when 182839 is divided by 150.
139
Calculate the remainder when 223772 is divided by 144.
140
What is the remainder when 103954 is divided by 421?
388
Calculate the remainder when 174868 is divided by 16.
4
Calculate the remainder when 20522 is divided by 1570.
112
Calculate the remainder when 21690 is divided by 1204.
18
Calculate the remainder when 25520 is divided by 1499.
37
Calculate the remainder when 624 is divided by 260.
104
Calculate the remainder when 196662 is divided by 35.
32
Calculate the remainder when 5240 is divided by 5217.
23
Calculate the remainder when 13234 is divided by 2201.
28
Calculate the remainder when 4474 is divided by 5.
4
What is the remainder when 1829607 is divided by 11?
10
What is the remainder when 653 is divided by 46?
9
What is the remainder when 257608 is divided by 277?
275
Calculate the remainder when 2212 is divided by 54.
52
What is the remainder when 181781 is divided by 596?
1
What is the remainder when 79564 is divided by 8835?
49
What is the remainder when 28296 is divided by 810?
756
What is the remainder when 130711 is divided by 17?
15
What is the remainder when 2372 is divided by 407?
337
What is the remainder when 2043 is divided by 29?
13
Calculate the remainder when 4659 is divided by 165.
39
What is the remainder when 57614 is divided by 21?
11
What is the remainder when 26312 is divided by 53?
24
What is the remainder when 7374 is divided by 1053?
3
Calculate the remainder when 5268 is divided by 711.
291
What is the remainder when 10726 is divided by 8?
6
Calculate the remainder when 81619 is divided by 76.
71
Calculate the remainder when 87606 is divided by 47.
45
What is the remainder when 46640 is divided by 932?
40
Calculate the remainder when 4052 is divided by 4043.
9
Calculate the remainder when 817 is divided by 407.
3
Calculate the remainder when 74351 is divided by 361.
346
What is the remainder when 4033318 is divided by 551?
549
What is the remainder when 936 is divided by 457?
22
What is the remainder when 12171 is divided by 2734?
1235
Calculate the remainder when 5853 is divided by 1950.
3
What is the remainder when 78061 is divided by 13?
9
Calculate the remainder when 2646 is divided by 97.
27
Calculate the remainder when 22388 is divided by 249.
227
What is the remainder when 429824 is divided by 1829?
9
Calculate the remainder when 32253 is divided by 527.
106
Calculate the remainder when 1551 is divided by 350.
151
Calculate the remainder when 1688 is divided by 223.
127
Calculate the remainder 